{"version":"1.0","provider_name":"GAD Parroquial de Paccha","provider_url":"https:\/\/paccha.gob.ec\/azuay","title":"Noticia 2 - GAD Parroquial de Paccha","type":"rich","width":600,"height":338,"html":"<blockquote class=\"wp-embedded-content\" data-secret=\"NWPAzOrDqr\"><a href=\"https:\/\/paccha.gob.ec\/azuay\/noticia-2\/\">Noticia 2<\/a><\/blockquote><iframe sandbox=\"allow-scripts\" security=\"restricted\" src=\"https:\/\/paccha.gob.ec\/azuay\/noticia-2\/embed\/#?secret=NWPAzOrDqr\" width=\"600\" height=\"338\" title=\"\u00abNoticia 2\u00bb \u2014 GAD Parroquial de Paccha\" data-secret=\"NWPAzOrDqr\" frameborder=\"0\" marginwidth=\"0\" marginheight=\"0\" scrolling=\"no\" class=\"wp-embedded-content\"><\/iframe><script type=\"text\/javascript\">\n\/* <![CDATA[ *\/\n\/*! This file is auto-generated *\/\n!function(d,l){\"use strict\";l.querySelector&&d.addEventListener&&\"undefined\"!=typeof URL&&(d.wp=d.wp||{},d.wp.receiveEmbedMessage||(d.wp.receiveEmbedMessage=function(e){var t=e.data;if((t||t.secret||t.message||t.value)&&!\/[^a-zA-Z0-9]\/.test(t.secret)){for(var s,r,n,a=l.querySelectorAll('iframe[data-secret=\"'+t.secret+'\"]'),o=l.querySelectorAll('blockquote[data-secret=\"'+t.secret+'\"]'),c=new RegExp(\"^https?:$\",\"i\"),i=0;i<o.length;i++)o[i].style.display=\"none\";for(i=0;i<a.length;i++)s=a[i],e.source===s.contentWindow&&(s.removeAttribute(\"style\"),\"height\"===t.message?(1e3<(r=parseInt(t.value,10))?r=1e3:~~r<200&&(r=200),s.height=r):\"link\"===t.message&&(r=new URL(s.getAttribute(\"src\")),n=new URL(t.value),c.test(n.protocol))&&n.host===r.host&&l.activeElement===s&&(d.top.location.href=t.value))}},d.addEventListener(\"message\",d.wp.receiveEmbedMessage,!1),l.addEventListener(\"DOMContentLoaded\",function(){for(var e,t,s=l.querySelectorAll(\"iframe.wp-embedded-content\"),r=0;r<s.length;r++)(t=(e=s[r]).getAttribute(\"data-secret\"))||(t=Math.random().toString(36).substring(2,12),e.src+=\"#?secret=\"+t,e.setAttribute(\"data-secret\",t)),e.contentWindow.postMessage({message:\"ready\",secret:t},\"*\")},!1)))}(window,document);\n\/* ]]> *\/\n<\/script>\n","thumbnail_url":"https:\/\/paccha.gob.ec\/azuay\/wp-content\/uploads\/2012\/10\/varias_-_mayo_190.jpg","thumbnail_width":1024,"thumbnail_height":683,"description":"El fuerte sonido que desde una caracola emite \u00c9dison Cuzme, puntero de la balsa de la comunidad Los Chirijos, daba inicio ayer a un festival que evocaba el pasado del cant\u00f3n Bol\u00edvar sobre la forma de transporte n\u00e1utico que ten\u00edan miles de campesinos en \u00e9pocas de invierno hace ya m\u00e1s de cinco d\u00e9cadas, cuando el [&hellip;]"}

El fuerte sonido que desde una caracola emite Édison Cuzme, puntero de la balsa de la comunidad Los Chirijos, daba inicio ayer a un festival que evocaba el pasado del cantón Bolívar sobre la forma de transporte náutico que tenían miles de campesinos en épocas de invierno hace ya más de cinco décadas, cuando el [&hellip;]
